r) be the second derivative of -r**8/6720 - 11*r**7/2520 - r**6/72 - r**5/60 - 17*r**4/12 - 26*r. Let o(c) be the third derivative of l(c). Give o(-10).
-2
Let j be (-29)/(-29) + 2/(-3)*-3. Let q(i) = 3*i - i - 3*i + 3 + i**j - 2*i**3. Calculate q(0).
3
Suppose -1387*y = -1390*y. Let g(z) be the second derivative of 1/6*z**3 - 7/2*z**2 - 2*z - 1/12*z**4 + 0 + 1/20*z**5. Give g(y).
-7
Let f(u) = -273522*u - 10*u**3 + 273522*u. What is f(2)?
-80
Let q(i) be the third derivative of -i**5/60 + 7*i**4/12 - 13*i**3/2 - 7*i**2 + 48*i. Determine q(7).
10
Let y be (-1)/(6/(-24))*(1 - 0). Let t(x) = 6 - 6*x**2 - 3*x + 62*x**2 - 52*x**2 - x**3. What is t(y)?
-6
Let c(x) = -52*x. Let k(a) = a - 1. Let j(o) = c(o) + 6*k(o). Let n(r) = 29*r + 4. Let f(u) = -5*j(u) - 8*n(u). Determine f(3).
-8
Suppose -5*w = -3*p - 78, 3*p - 17 = -3*w + 49. Let q(i) = -3*i**2 + 53*i + 11. What is q(w)?
-7
Let f(q) = q**2 - 12*q + 37. Let c = -612 - -618. Give f(c).
1
Let f(j) be the third derivative of -j**4/12 + 7*j**3/6 + 6*j**2 - 7. Calculate f(11).
-15
Let m(o) be the second derivative of -o**7/630 + o**6/720 + o**5/60 - o**4/2 - 78*o. Let y(l) be the third derivative of m(l). Calculate y(-2).
-16
Let r(u) = u**3 - 4*u**2 - 7*u + 3. Suppose 0*a = -5*a + 3*v + 234, 0 = 3*a + 4*v - 123. Suppose 26*h = 21*h - a. Let o be 10*(h/12 + (-10)/(-8)). Give r(o).
-7
Suppose 5*r - r = 0. Suppose r = 8*j + 10 - 26. Let z(p) = -j + 4*p + 1 + p**3 - 6*p**2 + 2 - 2. What is z(5)?
-6
Suppose -5*s = 2*l - 51, -2*s + 36 = -10857*l + 10859*l. Suppose 4*f + 0*f = 0. Let n(y) = 4 + 3*y - y**2 + f + 2. Determine n(s).
-4
Suppose 5*i - 13 = -3*a, -539 + 524 = -5*i - 5*a. Let b(q) = 58*q - 104. Calculate b(i).
12
Let a(w) be the third derivative of -w**6/120 + 7*w**5/20 + w**4/12 - 53*w**3/6 + 3694*w**2. Give a(21).
-11
Let l(s) = s**3 - 14*s**2 + 26*s - 28. Let h = -36 + 48. Let y be l(h). Let o(k) = -2*k**3 - 6*k**2 - 3*k - 2. Determine o(y).
42
Let l(t) = 38*t - 232. Let z(u) = 56*u - 333. Let x(q) = 10*l(q) - 7*z(q). Give x(5).
-49
Let s(q) = 125*q + q**3 + q**2 - 64*q - 1 - 63*q - 2*q**2. Let v be ((-2)/14 - -3)*14/4. Let l = 8 - v. Calculate s(l).
-9
Suppose -15*n = -0*n - 1680. Suppose 0 = 3*u + 121 - n. Let f(t) = t. What is f(u)?
-3
Let r(w) = -w**3 + 5*w**2 - 7*w + 4. Let a be r(2). Let z(c) = -19*c - c**3 - a + 5*c**2 + 9 - 12*c + 0*c**3 + 30*c. What is z(5)?
2
Let y(r) = 24*r**2 - 17*r - 21 + 29*r**2 - 51*r**2 + 8 - 44. Calculate y(-3).
12
Let y(j) be the first derivative of -2*j**3 + 49*j**2/2 - 2*j + 7284. Give y(8).
6
Let c = -1561 - -1565. Let x(g) = g**3 - g**2 - 6*g - 11. What is x(c)?
13
Let k be 80/(-440) - 2182/(-22). Let g be 711/k + -7 + 53/11. Let q(v) = -v**2 + 4*v - 1. Determine q(g).
-6
Let z be 4 - 2 - (0 + 0). Suppose -3*f - 14 = -z*g - 2*g, -f = 3*g - 4. Let s(l) = -l**g + 11 + 7*l + 0 - 11. What is s(5)?
10
Let l be (-10)/(-6) - (3 + (-120)/36). Let d(h) = -14*h + 2*h**l - 3*h**2 + 18*h + 12. Calculate d(6).
0
Suppose -4*t + 752 = -416. Suppose -5*k - 262 = -t. Let n(a) = -a**2 + 4*a + 4. What is n(k)?
-8
Suppose -3*s = 4*t - 23, 7*s + 5*t - 13 - 32 = 0. Let p(z) = 11*z - 14. Give p(s).
41
Suppose -13*t + 9*t = 4*w + 4, 4*w + 7 = -3*t. Let m(g) = g**3 - 9*g**2 + 19*g - 4. Give m(t).
-1
Let v = -2207 + 2213. Let b(c) = -6*c + 28. Give b(v).
-8
Suppose 3*k = -j - 2, 0 = 3*k + k + j + 2. Suppose k*n + 2*s - 8 = -4*n, -10 = -5*n - 3*s. Let p(o) = 10*o**2 - 2*o. What is p(n)?
36
Let m(p) = 50*p**2 - p - 233. Let j(f) = 23*f**2 - 106. Let s(n) = 13*j(n) - 6*m(n). What is s(12)?
-52
Let q(i) = -i**2 + 3*i - 13. Let j(n) be the second derivative of n**4/6 - 7*n**3/6 + 12*n**2 + 11*n. Let y(u) = 4*j(u) + 7*q(u). Calculate y(5).
-5
Let x(p) = 28*p - p**2 + p**2 - 33 + 4*p**2 - 22*p + 12. Give x(-4).
19
Let s(v) = 3*v - 23. Let x(m) = -163*m + 44. Let h(l) = 2*s(l) + x(l). Give h(0).
-2
Let w(s) = 4*s**2 + 944*s**3 - 2827*s**3 + 939*s**3 + 946*s**3 - 3*s. What is w(2)?
26
Let d(k) = 124792*k**2 - 67 + 19*k + 62 - 124794*k**2. Calculate d(10).
-15
Let t(j) = -5*j**2 - 3*j - 2. Let i(s) = 26 + s**2 - 8 - 10 + s - 7. Let q be (1 + 1)*1 + (1 - 6). Let y(n) = q*i(n) - t(n). Determine y(-1).
1
Let a(c) = 3*c**2 - 3*c - 2. Suppose 2*o - 10 - 4 = -4*y, 3*y - 3*o - 6 = 0. Suppose -3*q + h = 14, q + 6 = y*h - 12. Give a(q).
34
Let a(g) = -g**3 + 7*g**2 + 3*g - 47. Let q be a(6). Suppose -q*m = -31*m - 24. Let o(f) = -f - 1. Calculate o(m).
0
Let w(r) = -70*r + 447. Let p(j) = 377*j - 2236. Let t(h) = -3*p(h) - 14*w(h). Calculate t(3).
-3
Let g(b) = b**3 - 54*b**2 + 6*b - 324. Let k be g(54). Let q(p) = -p**2 - 7*p + 2. Give q(k).
2
Let k(b) be the first derivative of -1/4*b**4 - 2*b**2 + 2*b**3 - 3*b - 34. Determine k(5).
2
Let k(i) = -8*i + 7. Let y = 1 - -1. Suppose w - 4 = 5*x - y*w, 5*x + 4*w = 17. Let l(u) = -u + 1. Let d(n) = x*k(n) - 6*l(n). Determine d(-4).
9
Let c(w) be the third derivative of -w**4/2 + 10*w**3 + 13*w**2 - 2*w. Give c(4).
12
Let p(o) = 6*o**3 + o**2 - o - 2. Suppose 0 = 5*i - 4*v + 5, v + 5 = -5*i + 8*v. What is p(i)?
-6
Let r(q) = -4*q + 4*q - 202876*q**2 + 202880*q**2. Let t = 14 + -15. Give r(t).
4
Let y(p) = -p**3 + 2*p + 2. Let g be (12/42)/((-420)/294) - 11/(-5). Determine y(g).
-2
Let s(q) be the first derivative of 4*q**2 + q + 3149. Let p = -18 - -22. Give s(p).
33
Let t(j) = j**3 - 12*j**2 + 18*j + 19. Let x(w) = 6*w - 206. Let o be x(36). What is t(o)?
-1
Let a(t) = -14*t + 31. Let u(h) = 7*h - 1. Let n(p) = -a(p) - 4*u(p). Give n(-6).
57
Let y(s) = s + 5. Suppose d + 2 = -4. Let z be (-4)/(-3) + 20/d. Let l = -6 - z. What is y(l)?
1
Let f be 50/((-8600)/(-1419)) - 10/8. Let r(c) = -7*c - 49. What is r(f)?
-98
Let j = -1643 + 1656. Let q(c) = 3*c - 2*c - 2*c + 12. Calculate q(j).
-1
Let d be 1*(-3 - (3 - (10 - 4))). Suppose -3*m - 21*v + 3 = -24*v, d = 4*m + v + 1. Let q(c) = c**3 + 2. Give q(m).
2
Suppose 0 = -30*h + 756 + 288 - 504. Let f(p) = p**3 - 17*p**2 - 19*p - 44. Calculate f(h).
-62
Let t(n) = -n**2 + n + 1. Let p(y) = y**3 - 13*y**2 + 12*y + 6. Let i(a) = p(a) - 4*t(a). Let u = 284 - 282. Suppose -24 = -v - u*v. Determine i(v).
2
Let b = 73 - 74. Let t(r) = r**2. Let z(u) = -u**3 - 4*u**2 - 9*u - 1. Let m(w) = b*z(w) + 6*t(w). Determine m(-9).
1
Let h(p) be the first derivative of 15/2*p**2 + 24*p + 0*p**3 - 1/12*p**4 - 29. Let x(m) be the first derivative of h(m). What is x(0)?
15
Let h(a) be the first derivative of a**4/24 + a**3 + 16*a**2 + 16. Let i(k) be the second derivative of h(k). What is i(-8)?
-2
Suppose -4*i + 2 = -z, 9*z - 5*z = -3*i + 30. Let u(d) = 12*d + 6. Determine u(i).
30
Let d = -1112 - -1119. Let l(v) be the third derivative of v**5/60 - 5*v**4/12 + 7*v**3/3 + 41*v**2. Give l(d).
-7
Suppose 26 = 7*h - 2. Suppose 6 = 3*r - h*z, 0 = -2*r + 4*z - 2*z + 6. Let w(y) = -y**2 + 4*y + 2. Give w(r).
-10
Let p(j) = 0 - j**3 + 0*j**2 + 8*j**2 - 9*j + 3. Suppose 2*y - 5 = -x, 0*y + y = -4*x + 13. Suppose -x*n = 3*h - 24, 4*n = -4*h + 8*h - 24. Give p(h).
-11
Let n(j) = j**3 - 13*j**2 + 2*j - 20. Suppose 53 = 5*p - 3*v, -2*p - 55*v = -60*v - 6. Determine n(p).
6
Let a(d) = -2*d**2 + 2*d + 12. Suppose 106*w - 101*w + 48 = 3*k, 2*w + 36 = 4*k. What is a(k)?
-48
Let g(b) be the third derivative of b**5/120 - b**4/8 - 41*b**3/6 + 136*b**2. Let z(s) be the first derivative of g(s). What is z(4)?
1
Let i(x) = -2*x**2 + 2*x + 4. Suppose -4*u + 2*a + 8 + 12 = 0, 31 = 5*u - 4*a. Let m be u/(9/(-2)) - 53/(-3). Let s = -13 + m. What is i(s)?
-20
Let s(a) = 18*a + 71. Let l be s(4). Let w(k) = -296 + 146 - k + k**2 + 2*k + l. Calculate w(-3).
-1
Let o be 8/4 + (-1 - -2). Let c(w) = -253*w**2 + 252*w**2 - 6*w**o + 14*w**3 + 44*w - 43*w. What is c(1)?
8
Let c(k) = 3*k - 8. Suppose 10*a + 19*a + 8 = 95. Give c(a).
1
Let b(h) = -h + 27. Let f be (6 - 9)/(39/(-169))*1. Give b(f).
14
Let o(k) = k**3 + 5*k**2 + 3*k + 6. Let m(f) = f**2 + 23. Let a be m(9). Let z = -104 + a. Suppose z = 3*i - 80 + 92. Give o(i).
10
Let y = 16663 - 16655. Let w(m) = -m**3 + 10*m**2 - 19*m - 10. Calculate w(y).
-34
Let u(l) = 7*l + 27. Suppose -38*d + 43*d = -5*v - 55, -d - 5 = 0. What is u(v)?
-15
Let i(l) = -9*l - 28. Let m(q) = -16*q - 56. Let v(p) = -5*i(p) + 3*m(p). Let r = -82 + 73. What is v(r)?
-1
Let a = 7 + 2. Let y(t) = 5*t**2 + 9*t. Let o(f) = -23*f**